{"id":40,"date":"2019-08-08T15:50:27","date_gmt":"2019-08-08T12:50:27","guid":{"rendered":"https:\/\/fermi.local\/?page_id=40"},"modified":"2023-10-06T11:17:14","modified_gmt":"2023-10-06T08:17:14","slug":"eesti-ja-euroopa-energiavalikud","status":"publish","type":"page","link":"https:\/\/fermi.ee\/en\/eesti-ja-euroopa-energiavalikud\/","title":{"rendered":"Energy options of Estonia and Europe"},"content":{"rendered":"<div data-elementor-type=\"wp-page\" data-elementor-id=\"40\" class=\"elementor elementor-40\" data-elementor-settings=\"{&quot;ha_cmc_init_switcher&quot;:&quot;no&quot;}\" data-elementor-post-type=\"page\">\n\t\t\t\t\t\t<section data-particle_enable=\"false\" data-particle-mobile-disabled=\"false\" class=\"elementor-section elementor-top-section elementor-element elementor-element-37e9d8fe elementor-section-boxed elementor-section-height-default elementor-section-height-default\" data-id=\"37e9d8fe\" data-element_type=\"section\" data-e-type=\"section\" data-settings=\"{&quot;_ha_eqh_enable&quot;:false}\">\n\t\t\t\t\t\t<div class=\"elementor-container elementor-column-gap-default\">\n\t\t\t\t\t<div class=\"elementor-column elementor-col-100 elementor-top-column elementor-element elementor-element-139aff5\" data-id=\"139aff5\" data-element_type=\"column\" data-e-type=\"column\">\n\t\t\t<div class=\"elementor-widget-wrap elementor-element-populated\">\n\t\t\t\t\t\t<div class=\"elementor-element elementor-element-cf56c67 elementor-widget elementor-widget-text-editor\" data-id=\"cf56c67\" data-element_type=\"widget\" data-e-type=\"widget\" data-widget_type=\"text-editor.default\">\n\t\t\t\t<div class=\"elementor-widget-container\">\n\t\t\t\t\t\t\t\t\t<p>European countries have very different energy needs and energy production requirements due to their geography. Mountainous Austria has good prerequisites for hydropower generation, and countries with indigenous fossil fuels such as Poland, Estonia, Greece, Germany have a large share of coal or oil shale combustion for electricity generation.<\/p><p>In 2019, an average of\u00a0<a href=\"https:\/\/ec.europa.eu\/eurostat\/cache\/infographs\/energy\/bloc-3b.html\">26% of electricity<\/a>\u00a0in the EU was generated by nuclear power in nearly 100 nuclear power plants. France is the largest producer.\u00a0<\/p><p>The European Union has set a target to\u00a0<a href=\"https:\/\/ec.europa.eu\/clima\/policies\/eu-climate-action\/2030_ctp_en\">reduce CO2 emissions by 55%<\/a>\u00a0by 2030 and reach climate neutrality by 2050.<\/p><p>At the same time, a number of EU Member States, such as the Netherlands, the UK, Finland, Denmark and France, have taken the national decision to abandon the use of coal in electricity generation.  An overview of the coal power plants that are being closed can be found\u00a0<a href=\"https:\/\/climateanalytics.org\/briefings\/eu-coal-phase-out\/\" target=\"_blank\" rel=\"noopener noreferrer\">here\u00a0<\/a>.<\/p>\t\t\t\t\t\t\t\t<\/div>\n\t\t\t\t<\/div>\n\t\t\t\t<div class=\"elementor-element elementor-element-8fc51b7 ha-has-bg-overlay elementor-widget elementor-widget-image\" data-id=\"8fc51b7\" data-element_type=\"widget\" data-e-type=\"widget\" data-widget_type=\"image.default\">\n\t\t\t\t<div class=\"elementor-widget-container\">\n\t\t\t\t\t\t\t\t\t\t\t\t<figure class=\"wp-caption\">\n\t\t\t\t\t\t\t\t\t\t\t<a href=\"https:\/\/climateanalytics.org\/briefings\/eu-coal-phase-out\/\">\n\t\t\t\t\t\t\t<img fetchpriority=\"high\" decoding=\"async\" width=\"660\" height=\"600\" src=\"https:\/\/fermi.ee\/wp-content\/uploads\/2021\/09\/coalphaseouteu-market.gif\" class=\"attachment-large size-large wp-image-3064\" alt=\"\" \/>\t\t\t\t\t\t\t\t<\/a>\n\t\t\t\t\t\t\t\t\t\t\t<figcaption class=\"widget-image-caption wp-caption-text\">Source: Climate Analytics<\/figcaption>\n\t\t\t\t\t\t\t\t\t\t<\/figure>\n\t\t\t\t\t\t\t\t\t<\/div>\n\t\t\t\t<\/div>\n\t\t\t\t<div class=\"elementor-element elementor-element-dabb7ab elementor-widget elementor-widget-spacer\" data-id=\"dabb7ab\" data-element_type=\"widget\" data-e-type=\"widget\" data-widget_type=\"spacer.default\">\n\t\t\t\t<div class=\"elementor-widget-container\">\n\t\t\t\t\t\t\t<div class=\"elementor-spacer\">\n\t\t\t<div class=\"elementor-spacer-inner\"><\/div>\n\t\t<\/div>\n\t\t\t\t\t\t<\/div>\n\t\t\t\t<\/div>\n\t\t\t\t<div class=\"elementor-element elementor-element-7835fc5b elementor-widget elementor-widget-text-editor\" data-id=\"7835fc5b\" data-element_type=\"widget\" data-e-type=\"widget\" data-widget_type=\"text-editor.default\">\n\t\t\t\t<div class=\"elementor-widget-container\">\n\t\t\t\t\t\t\t\t\t<p>However, this raises the objective problem of the need for controllable generation capacity to ensure that at all times the 50 Hz frequency of the grid is maintained in line with the electricity consumption at any given second. However, renewable energies are unfortunately dependent on the weather: either wind or sun. If the grid frequency varies too much outside the 50 Hz standard, generating units can shut down and a major\u00a0<a href=\"https:\/\/www.energuide.be\/en\/questions-answers\/why-does-the-electricity-grid-have-to-stay-in-balance\/2136\/\" target=\"_blank\" rel=\"noopener\">blackout can follow<\/a>.<\/p>\t\t\t\t\t\t\t\t<\/div>\n\t\t\t\t<\/div>\n\t\t\t\t<div class=\"elementor-element elementor-element-a1b836a ha-has-bg-overlay elementor-widget elementor-widget-image\" data-id=\"a1b836a\" data-element_type=\"widget\" data-e-type=\"widget\" data-widget_type=\"image.default\">\n\t\t\t\t<div class=\"elementor-widget-container\">\n\t\t\t\t\t\t\t\t\t\t\t\t<figure class=\"wp-caption\">\n\t\t\t\t\t\t\t\t\t\t\t<a href=\"https:\/\/dashboard.elering.ee\/et\/system\/frequency\">\n\t\t\t\t\t\t\t<img decoding=\"async\" width=\"1024\" height=\"415\" src=\"https:\/\/fermi.ee\/wp-content\/uploads\/2021\/09\/screenshot-2021-09-02-at-14.42.10-1024x415.png\" class=\"attachment-large size-large wp-image-3070\" alt=\"\" srcset=\"https:\/\/fermi.ee\/wp-content\/uploads\/2021\/09\/screenshot-2021-09-02-at-14.42.10-1024x415.png 1024w, https:\/\/fermi.ee\/wp-content\/uploads\/2021\/09\/screenshot-2021-09-02-at-14.42.10-300x122.png 300w, https:\/\/fermi.ee\/wp-content\/uploads\/2021\/09\/screenshot-2021-09-02-at-14.42.10-768x311.png 768w, https:\/\/fermi.ee\/wp-content\/uploads\/2021\/09\/screenshot-2021-09-02-at-14.42.10-1536x622.png 1536w, https:\/\/fermi.ee\/wp-content\/uploads\/2021\/09\/screenshot-2021-09-02-at-14.42.10-2048x830.png 2048w\" sizes=\"(max-width: 1024px) 100vw, 1024px\" \/>\t\t\t\t\t\t\t\t<\/a>\n\t\t\t\t\t\t\t\t\t\t\t<figcaption class=\"widget-image-caption wp-caption-text\">Source: Elering<\/figcaption>\n\t\t\t\t\t\t\t\t\t\t<\/figure>\n\t\t\t\t\t\t\t\t\t<\/div>\n\t\t\t\t<\/div>\n\t\t\t\t<div class=\"elementor-element elementor-element-215acde elementor-widget elementor-widget-spacer\" data-id=\"215acde\" data-element_type=\"widget\" data-e-type=\"widget\" data-widget_type=\"spacer.default\">\n\t\t\t\t<div class=\"elementor-widget-container\">\n\t\t\t\t\t\t\t<div class=\"elementor-spacer\">\n\t\t\t<div class=\"elementor-spacer-inner\"><\/div>\n\t\t<\/div>\n\t\t\t\t\t\t<\/div>\n\t\t\t\t<\/div>\n\t\t\t\t<div class=\"elementor-element elementor-element-8cf2f0c elementor-widget elementor-widget-heading\" data-id=\"8cf2f0c\" data-element_type=\"widget\" data-e-type=\"widget\" data-widget_type=\"heading.default\">\n\t\t\t\t<div class=\"elementor-widget-container\">\n\t\t\t\t\t<h3 class=\"elementor-heading-title elementor-size-default\">To bring or to hope?<\/h3>\t\t\t\t<\/div>\n\t\t\t\t<\/div>\n\t\t\t\t<div class=\"elementor-element elementor-element-571ff69 elementor-widget elementor-widget-text-editor\" data-id=\"571ff69\" data-element_type=\"widget\" data-e-type=\"widget\" data-widget_type=\"text-editor.default\">\n\t\t\t\t<div class=\"elementor-widget-container\">\n\t\t\t\t\t\t\t\t\t<p>Renewable energy production helps reduce CO2 emissions from energy, thus contributing to slowing climate change. At the same time, however, renewable electricity production does not coincide with daily consumption cycles, with consumption at the beginning and end of the working day significantly higher than the average daily consumption. Large-scale energy storage can be used to synchronise intraday energy consumption and production, but even the largest storage capacity is sufficient for a few hours to a few days - they are of no use in the case of winter daily low sunshine or long periods of low wind.<\/p><p>Estonia's hourly wind energy production data for 2018 from Elering are shown in the graph below.<\/p>\t\t\t\t\t\t\t\t<\/div>\n\t\t\t\t<\/div>\n\t\t\t\t<div class=\"elementor-element elementor-element-5168e87 ha-has-bg-overlay elementor-widget elementor-widget-image\" data-id=\"5168e87\" data-element_type=\"widget\" data-e-type=\"widget\" data-widget_type=\"image.default\">\n\t\t\t\t<div class=\"elementor-widget-container\">\n\t\t\t\t\t\t\t\t\t\t\t\t\t\t\t<img decoding=\"async\" width=\"1024\" height=\"584\" src=\"https:\/\/fermi.ee\/wp-content\/uploads\/2019\/09\/2018-tuuleenergia-1024x584.jpg\" class=\"attachment-large size-large wp-image-339\" alt=\"Wind energy\" srcset=\"https:\/\/fermi.ee\/wp-content\/uploads\/2019\/09\/2018-tuuleenergia-1024x584.jpg 1024w, https:\/\/fermi.ee\/wp-content\/uploads\/2019\/09\/2018-tuuleenergia-300x171.jpg 300w, https:\/\/fermi.ee\/wp-content\/uploads\/2019\/09\/2018-tuuleenergia-768x438.jpg 768w, https:\/\/fermi.ee\/wp-content\/uploads\/2019\/09\/2018-tuuleenergia.jpg 1111w\" sizes=\"(max-width: 1024px) 100vw, 1024px\" \/>\t\t\t\t\t\t\t\t\t\t\t\t\t\t\t<\/div>\n\t\t\t\t<\/div>\n\t\t\t\t<div class=\"elementor-element elementor-element-a27ce5c elementor-widget elementor-widget-text-editor\" data-id=\"a27ce5c\" data-element_type=\"widget\" data-e-type=\"widget\" data-widget_type=\"text-editor.default\">\n\t\t\t\t<div class=\"elementor-widget-container\">\n\t\t\t\t\t\t\t\t\t<p>To ensure that electricity is available in all weathers and all seasons, there are two options - either produce it yourself, or hope to buy it from neighbouring countries. The closure of fossil-fuel-based generation capacity will make energy imports much more expensive - we can already see this in the steady and rapid rise in energy prices.&nbsp;<\/p>\n<p><strong>Self-production of energy should be carbon-free, in all weathers and at a price that suits the consumer.<\/strong><\/p>\t\t\t\t\t\t\t\t<\/div>\n\t\t\t\t<\/div>\n\t\t\t\t\t<\/div>\n\t\t<\/div>\n\t\t\t\t\t<\/div>\n\t\t<\/section>\n\t\t\t\t<\/div>","protected":false},"excerpt":{"rendered":"<p>Euroopa riikidel on geograafiast tulenevalt v\u00e4ga erinevad energia vajadused ja energia tootmise eeldused. M\u00e4gises Austrias on head eeldused h\u00fcdroenergia tootmiseks ning omariikliku fossiilk\u00fctusega riikides nagu Poola, Eesti, Kreeka, Saksamaa on suur osakaal just kivis\u00f6e v\u00f5i [&hellip;]<\/p>\n","protected":false},"author":1,"featured_media":0,"parent":0,"menu_order":0,"comment_status":"closed","ping_status":"closed","template":"","meta":{"site-sidebar-layout":"default","site-content-layout":"default","ast-site-content-layout":"default","site-content-style":"default","site-sidebar-style":"default","ast-global-header-display":"","ast-banner-title-visibility":"","ast-main-header-display":"","ast-hfb-above-header-display":"","ast-hfb-below-header-display":"","ast-hfb-mobile-header-display":"","site-post-title":"","ast-breadcrumbs-content":"","ast-featured-img":"","footer-sml-layout":"","ast-disable-related-posts":"","theme-transparent-header-meta":"default","adv-header-id-meta":"","stick-header-meta":"default","header-above-stick-meta":"","header-main-stick-meta":"","header-below-stick-meta":"","astra-migrate-meta-layouts":"default","ast-page-background-enabled":"default","ast-page-background-meta":{"desktop":{"background-color":"","background-image":"","background-repeat":"repeat","background-position":"center center","background-size":"auto","background-attachment":"scroll","background-type":"","background-media":"","overlay-type":"","overlay-color":"","overlay-opacity":"","overlay-gradient":""},"tablet":{"background-color":"","background-image":"","background-repeat":"repeat","background-position":"center center","background-size":"auto","background-attachment":"scroll","background-type":"","background-media":"","overlay-type":"","overlay-color":"","overlay-opacity":"","overlay-gradient":""},"mobile":{"background-color":"","background-image":"","background-repeat":"repeat","background-position":"center center","background-size":"auto","background-attachment":"scroll","background-type":"","background-media":"","overlay-type":"","overlay-color":"","overlay-opacity":"","overlay-gradient":""}},"ast-content-background-meta":{"desktop":{"background-color":"var(--ast-global-color-5)","background-image":"","background-repeat":"repeat","background-position":"center center","background-size":"auto","background-attachment":"scroll","background-type":"","background-media":"","overlay-type":"","overlay-color":"","overlay-opacity":"","overlay-gradient":""},"tablet":{"background-color":"var(--ast-global-color-5)","background-image":"","background-repeat":"repeat","background-position":"center center","background-size":"auto","background-attachment":"scroll","background-type":"","background-media":"","overlay-type":"","overlay-color":"","overlay-opacity":"","overlay-gradient":""},"mobile":{"background-color":"var(--ast-global-color-5)","background-image":"","background-repeat":"repeat","background-position":"center center","background-size":"auto","background-attachment":"scroll","background-type":"","background-media":"","overlay-type":"","overlay-color":"","overlay-opacity":"","overlay-gradient":""}},"footnotes":""},"class_list":["post-40","page","type-page","status-publish","hentry"],"_links":{"self":[{"href":"https:\/\/fermi.ee\/en\/wp-json\/wp\/v2\/pages\/40","targetHints":{"allow":["GET"]}}],"collection":[{"href":"https:\/\/fermi.ee\/en\/wp-json\/wp\/v2\/pages"}],"about":[{"href":"https:\/\/fermi.ee\/en\/wp-json\/wp\/v2\/types\/page"}],"author":[{"embeddable":true,"href":"https:\/\/fermi.ee\/en\/wp-json\/wp\/v2\/users\/1"}],"replies":[{"embeddable":true,"href":"https:\/\/fermi.ee\/en\/wp-json\/wp\/v2\/comments?post=40"}],"version-history":[{"count":28,"href":"https:\/\/fermi.ee\/en\/wp-json\/wp\/v2\/pages\/40\/revisions"}],"predecessor-version":[{"id":9573,"href":"https:\/\/fermi.ee\/en\/wp-json\/wp\/v2\/pages\/40\/revisions\/9573"}],"wp:attachment":[{"href":"https:\/\/fermi.ee\/en\/wp-json\/wp\/v2\/media?parent=40"}],"curies":[{"name":"wp","href":"https:\/\/api.w.org\/{rel}","templated":true}]}}

<p>Euroopa riikidel on geograafiast tulenevalt väga erinevad energia vajadused ja energia tootmise eeldused. Mägises Austrias on head eeldused hüdroenergia tootmiseks ning omariikliku fossiilkütusega riikides nagu Poola, Eesti, Kreeka, Saksamaa on suur osakaal just kivisöe või [&hellip;]</p>
